 + 46*x + 4. Determine l(3).
49
Let r(l) be the third derivative of -209*l**4/24 - 278*l**3 - 1992*l**2 + l - 2. What is r(-8)?
4
Let i(m) = -5*m. Suppose 9*g = -g - 20. Let p be ((-6)/(36/(-15)))/((-1)/g). Determine i(p).
-25
Let u be (3/7)/(5/35). Let l = 38 - 33. Let q(p) = p + l*p - 10 - 3*p + 7. Give q(u).
6
Let l(m) = m + 8. Suppose 5*k - 95 = -60. Let s(b) = b**3 - 7*b**2 - b + 7. Let c be s(k). Calculate l(c).
8
Let r(k) = -4*k + 1. Suppose 0 = -24*h - 46 + 22. Let a(t) = 2*t - 8. Let o(l) = h*a(l) - 4*r(l). Give o(3).
46
Suppose -b = 4*f + 10, 3*b - f = -3*f + 10. Let r = 9 - b. Suppose 0 = -n + 5*z + 6, -r*n + 5*n + 4*z = -16. Let p(j) = j**3 + 3*j**2 - 5*j - 5. Determine p(n).
-1
Let v = 1 + 1. Let z be 48/16 - (4 + -1 - 2). Let w(o) = -1 + 6*o**2 - v + z. Calculate w(-1).
5
Let t = -3523 + 3519. Let l(s) = -8*s - 17. Give l(t).
15
Suppose -a - 19 = 4*s, -4*a + 8 + 21 = -5*s. Let t be ((-16)/(-12))/(7 + s)*-3. Let d(z) = 7*z + 2 + z + 0*z. Determine d(t).
-14
Suppose -3*n = -n. Suppose -b + n*i + 5 = i, 5*b - 4*i = 7. Let l(v) = 2*v**2 - 4*v + 65 - 65. Give l(b).
6
Suppose 5*b + 3*v + 33 = 0, 4*v + 57 = -3*b - 4*v. Let z(h) = 4*h**2 + 5*h + 6. Let x(c) = -c**2 - c. Let n(g) = 3*x(g) + z(g). Calculate n(b).
9
Let g(x) = -x**2 - 20*x + 62. Let l = -1897 + 1900. Determine g(l).
-7
Suppose 4*o - 4*l + 24 = 0, -5*o + 198*l - 197*l - 26 = 0. Let f(v) = v**3 + 7*v**2 + 10*v - 9. What is f(o)?
-9
Suppose 5*z + 3*m + 24 = 0, -25*z + 4*m - 109 = -16*z. Let i(q) = 3*q - 19. What is i(z)?
-46
Let p = 242 - 238. Let y = -8 - -11. Let i(b) = -6*b + 0*b**3 + 4 + 32*b**2 - b**y - 27*b**2. What is i(p)?
-4
Let x = 4 + 4. Let d(j) = -x - j + j**3 + 2*j + 5*j - 7*j**2. Suppose 30 = 3*q + 4*k, -69*k + 73*k = 2*q. What is d(q)?
-8
Let d be 65/(9100/56)*-1*(-5)/(-2). Let q(p) = 11*p**2 + 6*p - 1. Let g(h) = 5*h**2 + 3*h - 1. Let j(r) = -5*g(r) + 3*q(r). Give j(d).
7
Let f(g) = -37*g - 195. Let i be f(-13). Suppose -17*w + 167 = i. Let v(d) = -2*d**2 - 12*d + 6. Calculate v(w).
-8
Let u = -5360 + 5353. Let h(d) = 2*d**3 + 12*d**2 - 17*d - 8. Determine h(u).
13
Suppose -4*y - 24 = 3*z, -z = y - 23 + 30. Let v(d) = -d**3 - 7*d**2 - 12*d - 14. Let f be v(z). Let l(c) = -c - 18. Calculate l(f).
-4
Let n(z) = -z + 9. Suppose -180 = 24*y - 18*y. Let w = -22 - y. Determine n(w).
1
Let d(x) be the first derivative of -3/2*x**2 - 64 - 1/3*x**3 + 3*x. Give d(2).
-7
Let k be 121*-1 - (4 + -5)/(-1). Let t = k - -128. Let h(g) = 4*g + t*g - 9*g + 1 - 3. Determine h(-2).
-4
Let y(g) = -g**2 + 4*g. Let h = 241 - 220. Let s = h + -18. Calculate y(s).
3
Let d(q) = q**3 + 116 + 116 + 108 - 3*q**2 - 345 - q. Let j be (8/(-5))/((-6)/15 + 0). Give d(j).
7
Let f be (1 - (-2)/(-3))*-3 - -2. Suppose -7 + f = -u. Let o be (3/u*0)/(3 - 2). Let t(b) = b**2 - b + 3. What is t(o)?
3
Let w(k) = -11*k. Let d(c) = 27*c - 5. Let i(y) = -2*d(y) - 5*w(y). Calculate i(5).
15
Let j = -53 - -43. Let s be j/(-20) - 170/(-4). Let h(n) = 41 + n**3 - s + n - n. Calculate h(0).
-2
Let t(g) be the first derivative of g**3/3 - 7*g**2/2 + 9*g - 356. Let l(p) = -5*p**3 + 1. Let j be l(-1). Calculate t(j).
3
Let h(s) = -s**2 + 13*s - 7. Let y be 112/14 - (3 + 1). Let g(b) = 2*b**2 - 21*b + 63. Let i be g(y). What is h(i)?
15
Let k(l) = l**3 + 4*l**2 + 3*l + 3. Suppose -7*t + 4*t = -15. Suppose -9*p + 100 = -t*p. Suppose 5*y + 10 = -2*b, 0 = -8*b + 3*b + p. Calculate k(y).
-9
Let o(y) = y**3 + 5*y**2 - 4*y + 5. Let a be o(-6). Suppose 1466 = 11*f - 217. Let v(w) = 5 + 0 + f*w + 160*w - 311*w - 3. Give v(a).
-12
Let c(u) = -18*u**2 - 33*u - 38. Let s(y) = 14*y**2 + 30*y + 41. Let w(n) = 3*c(n) + 4*s(n). Calculate w(-4).
-2
Let v(s) = -s + 7. Let f(j) be the first derivative of 9*j**2 - 45*j + 18. Let b be f(3). What is v(b)?
-2
Suppose u + 0 = -0. Let k(n) = 4*n**2 + 8*n**2 - 35*n**2 + 12*n**2 + 12*n**2 + 6. Give k(u).
6
Let x(g) be the second derivative of g**5/20 - 4*g**4/3 + 13*g**3/6 + 31*g**2/2 + 542*g. Give x(15).
1
Let t(v) = 5*v. Let m(b) = b**3 + 17*b**2 + 15*b - 16. Let u be -114*(-4)/(-28) - 2/(-7). Let o be m(u). Suppose 3*f - 6*f - 3 = o. What is t(f)?
-5
Let p be (32/(-14))/(6 + (-308)/49). Let d(r) = r**2 - 8*r + 5. Let b(t) = -t + 1. Let f(x) = 4*b(x) + d(x). What is f(p)?
-23
Let h(s) = -s**2 + 22*s + 210. Let u be h(-7). Let w(d) be the third derivative of -d**4/12 - d**3/2 - 151*d**2. Determine w(u).
-17
Suppose -165*k = 20*k - 370. Let q(b) = b**3 + 6*b - 3. What is q(k)?
17
Let w(t) = 2*t + 6. Suppose -4*u = 5*v - 194 - 171, 5*v = -5*u + 365. Suppose 2*x - v = 367. Suppose 223*i = x*i - 15. Determine w(i).
-4
Suppose 236 = 15*v + 266. Let q(o) be the second derivative of 5*o**4/12 - o**3/6 + o**2/2 + 23*o. What is q(v)?
23
Let l(w) be the third derivative of w**6/120 + w**5/30 - w**4/3 - 4*w**3/3 + 92*w**2. Calculate l(-1).
1
Let d(h) be the second derivative of -5/12*h**4 + 0 + 7/2*h**2 - 1/20*h**5 + h**3 + 220*h. Calculate d(-6).
7
Let u(f) be the third derivative of f**6/120 + 7*f**5/60 + 7*f**3/6 - 15*f**2 + 2*f - 3. Let s be (6/(-9))/(6/63). What is u(s)?
7
Let y(u) = 39*u - 306. Let x be (-5)/(-1) - (-8)/((-32)/(-12)). Let f be y(x). Let k(w) = w**2 - 8*w + 20. Give k(f).
8
Let k(b) be the third derivative of -1/8*b**4 + 0 - 8*b + 1/30*b**5 - 2*b**2 - 2/3*b**3. Calculate k(-3).
23
Let g(h) = h**3 - 33*h**2 + 85*h - 732. Let l be g(31). Let j(y) = y + 47. Calculate j(l).
28
Let f be ((-28)/(-14))/(-3 - -7)*(-10)/(-5). Let i(l) = -52*l**3 - 2*l**2 + l. Calculate i(f).
-53
Let l = 5 + -9. Let v = l - -1. Let c(q) be the first derivative of q**4/4 + 4*q**3/3 + 5*q**2/2 + 3*q + 3405. Calculate c(v).
-3
Let n(y) = -y**3 + 4*y**2 + 113*y - 32. Let g be n(-9). Let p(o) = -2*o**3 + 5*o**2 - 6*o + 10. What is p(g)?
-62
Let b be (2 - (5 + -2)) + 4*1. Let f be 44 + 0*(-3 - (-7)/2). Let d(z) = 46*z + 0 - b - f*z. Determine d(5).
7
Let r(g) = 12 - g - 11*g + 0*g + g**2. Suppose 12*k - 50 = 7*k. Let d be r(k). Let t(w) = -w**3 - 8*w**2 + w + 2. Calculate t(d).
-6
Let h(w) be the second derivative of -w**3/2 - 9*w**2/2 + 13*w + 3. Calculate h(0).
-9
Let x(f) be the third derivative of -f**6/120 + f**3/3 - 98*f**2. Let i be ((-2)/4)/((-4)/(25 - 1)). Determine x(i).
-25
Let d(q) be the second derivative of q**4/12 + 13*q**3/6 - 4*q**2 - 54*q. Let b(t) be the first derivative of d(t). Give b(-9).
-5
Suppose 9*t + 4 = 31. Suppose -t*b = -32 + 11. Let u(l) = 2*l - 13 + b + 5. What is u(5)?
9
Let i be 2 - 7/((-56)/(-536)). Let m = i + 67. Let t(w) = 6*w**3 - w + 2. What is t(m)?
48
Let x(s) = -2*s**3 - 10*s**2 + 11*s - 14. Let h be x(-6). Let f(l) = l - 3. What is f(h)?
-11
Let i(z) be the third derivative of 5*z**4/24 - 2*z**3/3 - z**2 - 11*z. Suppose 17 = 4*q + 5*p, -2*q - p = -0 - 7. Give i(q).
11
Let p be 287/35 + (-2)/10. Suppose -5*y = 5, 0*t - 3*y = 5*t - 1447. Let h(w) = w - t - w**2 + 296 + p*w. Give h(9).
6
Let m(o) be the third derivative of -o**4/6 - 5*o**3/2 - 306*o**2. Give m(6).
-39
Let p = -93184 + 93179. Let v(t) = 2 - 2*t - t**2 + 2*t. What is v(p)?
-23
Let o = 36 - 41. Let t(w) = 2*w**2 + 9*w - 3. Let i be t(o). Let j(n) = -n**2 + 81 - n**i + n**2 - 79 + n. What is j(2)?
0
Let f(g) = -11*g + 166. Suppose -211 - 187 - 652 = -70*r. Give f(r).
1
Let n(t) = -7*t**2 + 12*t**3 - 5*t**3 - 154 + 150 - 6*t**3. Determine n(7).
-4
Let i(a) = -3*a**3 + 38*a**2 + 3*a - 61. Let u(o) = -2*o**3 + 21*o**2 + o - 31. Let f(d) = 3*i(d) - 5*u(d). Determine f(-8).
4
Let o(c) = -c**3 - 7*c**2 + 6*c + 12. Let d be o(-8). Suppose -y + 5*u - 23 = -2*y, 4*y + 4*u = d. Let w(v) = -3 - y*v + v + 4*v + 9. Determine w(-5).
-4
Let v(m) = -m**2 - 5*m + 7. Let h = -413 - -500. Let k be ((-22)/4 + 1)*116/h. Calculate v(k).
1
Let d(f) = -f**3 - f**2 + 11*f - 6. Let l be d(-4). Let u be l/2 + (-8)/(-4). Let g(j) = -j + 4. Give g(u).
3
Let y(z) = -21*z - 47 - 368*z**2 - 16*z + 369*z**2 + 24*z. Determine y(16).
1
Let o(q) = q**3 - 11*q**2 - 11*q - 1. Let k(d) = 2*d**3 - 23*d**2 - 22*d - 3. Let i(s) = -4*k(s) + 9*o(s). Let m = -13 - -21. Determine i(m).
-21
Let q be 33/44*(320/24)/4. Let x(t) be the first derivative of -q*t**2 - 3*t - 5 - 1/3*t**3. Determine x(-4).
1
Let c(y) = 20*y - 57. Let f(p) = -123*p + 352. Let v(b) = 19*c(b) + 3*f(b). Calculate v(5).
28
Let d = 27 + -131. Let q = -107 - d. Let b(r) = -4*r - 